231 (base 4) in base 6?
3033501
What is -d38562 (base 15) in base 12?
-344913b
Convert 1260242 (base 7) to base 6.
3315325
Convert 3a5c93 (base 13) to base 12.
5815a6
Convert 1211111222212 (base 3) to base 14.
1b52b3
What is -153902 (base 10) in base 16?
-2592e
-c16e (base 15) to base 11
-28748
12a665 (base 11) to base 2
110001111010011000
Convert -512bb (base 14) to base 11.
-12387a
Convert 58274 (base 12) to base 8.
346170
-25255503 (base 7) to base 6
-120533013
Convert -2ce0c (base 16) to base 3.
-100100011011
104512350 (base 6) to base 11
1092824
1a10aa (base 14) to base 4
3201303032
What is 488394 (base 10) in base 13?
1413ba
What is -1528767 (base 12) in base 14?
-7d8207
-3420212 (base 5) to base 7
-341626
What is 382c9a (base 13) in base 9?
2475325
10100001111001100110001 (base 2) to base 13
1139946
20d166 (base 15) to base 7
16166460
What is -13964 (base 10) in base 6?
-144352
2241013 (base 5) to base 14
108a9
-32412031 (base 5) to base 9
-464657
What is 3d301 (base 15) in base 13?
6b539
What is 101010111120000 (base 3) in base 12?
1977439
Convert 1941a7 (base 11) to base 12.
124812
201230220 (base 4) to base 8
415450
363bb (base 13) to base 9
161464
1030143003 (base 5) to base 3
11010102220212
Convert 5f82af (base 16) to base 7.
104126623
Convert -111354320 (base 6) to base 4.
-13301110020
-338984 (base 13) to base 3
-2021220211112
-2380a3 (base 13) to base 4
-3032202122
102561110 (base 7) to base 8
27207773
Convert -155724 (base 9) to base 8.
-273530
What is 47725 (base 9) in base 6?
403505
What is -2003126 (base 7) in base 16?
-39b6c
Convert -24673 (base 16) to base 2.
-100100011001110011
Convert 295762 (base 10) to base 9.
500634
-300223034 (base 5) to base 7
-13012363
What is 1121120202122 (base 3) in base 11?
536584
What is -98209 (base 10) in base 9?
-158641
What is 1306014 (base 7) in base 10?
170139
What is -4f3df (base 16) in base 14?
-863dd
270595 (base 10) to base 3
111202012001
What is -111221011 (base 4) in base 14?
-2443b
What is 22589b (base 13) in base 16?
c648d
What is 202101121201102 (base 3) in base 8?
51257516
What is 107183c (base 14) in base 16?
770fbe
What is -10566882 (base 10) in base 14?
-1590c94
1043061 (base 8) to base 16
44631
Convert 1351020351 (base 6) to base 13.
358014a
Convert -1a26159 (base 11) to base 8.
-15026604
Convert 1026314 (base 13) to base 7.
56425553
What is -5148955 (base 11) in base 5?
-4311323332
44749 (base 14) to base 4
220202331
What is -7134 (base 15) in base 11?
-16a57
What is 14341402 (base 6) in base 10?
495434
What is -ba72 (base 14) in base 12?
-167b0
Convert 3457382 (base 9) to base 13.
505787
Convert 143679 (base 12) to base 8.
1223775
What is 27a222 (base 12) in base 10?
660410
What is -6ad167 (base 15) in base 4?
-103132300021
51866 (base 15) to base 4
333011130
Convert -11333121111 (base 4) to base 12.
-638959
Convert -10000000010100100 (base 2) to base 13.
-23b9b
Convert c86815 (base 13) to base 12.
16a70a4
What is 2100212223 (base 4) in base 14?
115bd1
33333320033 (base 4) to base 11
2404962
What is 100112202010 (base 3) in base 13?
676a7
24c78 (base 13) to base 12
33459
Convert 2203312200 (base 4) to base 10.
671136
What is 100020111101211 (base 3) in base 2?
10010101110111011110100
What is 378b1 (base 12) in base 5?
4404324
Convert -100010001000100010000 (base 2) to base 11.
-6a4370
Convert 2e62 (base 15) to base 14.
38da
Convert 13023203133 (base 4) to base 8.
7134337
Convert 379b1 (base 15) to base 16.
2b61b
-2251054 (base 7) to base 16
-44ad3
4846191 (base 12) to base 4
311200311331
What is 2433111 (base 6) in base 7?
1045036
What is 29329 (base 11) in base 13?
15c63
Convert -102230 (base 6) to base 9.
-12340
Convert 10022120011222 (base 3) to base 4.
12232120220
Convert 14111414 (base 5) to base 10.
144609
Convert -1848277 (base 9) to base 7.
-11543551
-1111823 (base 9) to base 4
-2102012301
What is -5301 (base 13) in base 14?
-428d
Convert -20021100110200 (base 3) to base 4.
-30231303102
What is -169205 (base 11) in base 6?
-5332523
Convert -68302 (base 12) to base 4.
-201312302
-1375917 (base 10) to base 4
-11033322231
-316610 (base 13) to base 7
-12555104
-36855 (base 9) to base 4
-12002303
What is 1000000100110 (base 2) in base 11?
3119
Convert -5a1b03 (base 12) to base 6.
-51103203
What is -141242203 (base 5) in base 15?
-e59a3
What is 10000101100100010111 (base 2) in base 13?
162033
What is 1127bc2 (base 14) in base 3?
120100212021022
-101569 (base 10) to base 8
-306301
What is 53869c (base 16) in base 9?
11262754
What is 2461579 (base 10) in base 16?
258f8b
-4633447 (base 8) to base 6
-42554035
What is -1331341134 (base 5) in base 11?
-1a03811
Convert 1ac4d (base 15) to base 5.
10242043
-2365477 (base 9) to base 11
-7a7299
1155bd (base 15) to base 8
3121422
Convert 3a5a3 (base 11) to base 14.
17195
-22212211002201 (base 3) to base 10
-4720348
What is -10111443032 (base 5) in base 2?
-100111001010001100110000
Convert 7a124 (base 11) to base 8.
342350
Convert -1101101100001 (base 2) to base 6.
-52241
Convert 65a70 (base 13) to base 15.
39857
-169967 (base 10) to base 8
-513757
What is -1191153 (base 10) in base 2?
-100100010110011110001
Convert 9c728 (base 15) to base 5.
111411423
Convert 2c69c86 (base 13) to base 16.
da3ccb
-1111000001000011110 (base 2) to base 12
-1b8912
Convert -1564576 (base 10) to base 14.
-2ca276
25864 (base 14) to base 7
532554
1110001000010001 (base 2) to base 7
330504
What is 4026365 (base 8) in base 5?
232410320
Convert -100120200101022 (base 3) to base 14.
-96778a
Convert 524756 (base 9) to base 13.
abc75
What is 100010201011 (base 3) in base 4?
223322023
What is -1804773 (base 11) in base 14?
-59b5da
203181 (base 9) to base 7
1011064
What is -342110210 (base 5) in base 8?
-5627506
Convert -1914a45 (base 14) to base 3.
-212101001220120
Convert 129654 (base 11) to base 4.
301211121
What is -100174 (base 8) in base 6?
-412140
30a966 (base 12) to base 15
101aa0
What is -222305 (base 9) in base 2?
-100000011100111110
Convert 706a59 (base 11) to base 5.
242332432
What is 100544 (base 8) in base 6?
413204
What is 224087 (base 9) in base 15?
29b7a
What is -5075cb (base 14) in base 15?
-387c27
Convert -2012011001202 (base 3) to base 4.
-10130033210
Convert 1410036 (base 7) to base 16.
2dba9
Convert 2532254 (base 6) to base 8.
412652
What is -242303 (base 15) in base 16?
-1a60a6
Convert 100212222 (base 5) to base 13.
10c0bc
What is 1110101001011101001010 (base 2) in base 8?
16513512
What is 5141500 (base 6) in base 9?
415280
Convert 3962 (base 11) to base 5.
131100
5771143 (base 8) to base 7
16224310
Convert -53a95 (base 11) to base 13.
-29975
What is 35301346 (base 8) in base 2?
11101011000001011100110
Convert -110010332 (base 4) to base 7.
-461522
714659 (base 10) to base 4
2232132203
Convert 704 (base 15) to base 6.
11151
What is -1270253 (base 11) in base 14?
-412654
Convert 36986a2 (base 11) to base 15.
86d72e
What is -3a289 (base 15) in base 16?
-2d75c
Convert 30031522 (base 7) to base 8.
11350544
What is 64d602 (base 15) in base 14?
8d0a13
-10111101011010110001101 (base 2) to base 7
-103520543
-3c5380 (base 14) to base 9
-3833362
Convert 236b577 (base 13) to base 6.
1030555045
What is -101324404 (base 5) in base 16?
-65ec7
Convert 294250 (base 14) to base 8.
5356376
112402310 (base 6) to base 15
2b2979
Convert 635086 (base 11) to base 10.
1016978
Convert -b1723b (base 12) to base 5.
-1202122234
Convert -20c1b27 (base 13) to base 8.
-46114067
-122110021212111 (base 3) to base 16
-8d8c0e
What is -11212112200 (base 3) in base 14?
-26d39
Convert 2414324 (base 5) to base 14.
1255a
2276a18 (base 11) to base 2
1111001010111011011110
Convert 24032402 (base 6) to base 14.
157962
What is -344133411 (base 5) in base 8?
-5727744
Convert 607447 (base 9) to base 3.
200021111121
Convert -11440140 (base 5) to base 12.
-52b63
What is -28cc1 (base 14) in base 15?
-2003a
What is 25007c (base 14) in base 16?
13587e
What is 431545534 (base 6) in base 12?
268b2aa
-230221222 (base 4) to base 8
-545152
6512aa (base 12) to base 15
218acd
Convert 600742 (base 13) to base 8.
10401403
-20010110221200 (base 3) to base 8
-14331460
What is -102164 (base 16) in base 10?
-1057124
What is -1c66b (base 14) in base 2?
-10001101110100111
Convert -164603 (base 10) to 